the highest common factor of u and 54?
18
Let z be (-132)/24 - 2/4. Suppose 3*p - 82 = 2. Let c = z + p. What is the highest common factor of c and 2?
2
Suppose 3*v - 30 = 18. Suppose -z - v = -4*d, 3*z + 4*d = -z - 84. Let g = -11 - z. Calculate the greatest common divisor of 36 and g.
9
Suppose -21*k + 315 = -17*k + o, -k - 4*o = -75. What is the highest common factor of k and 1027?
79
Let j(z) = 2*z**3 - 35*z**2 - 15*z - 2. Let v be j(18). Calculate the greatest common divisor of 2 and v.
2
Let n(f) = 176 - 76 - 3*f - 49. Let w be n(15). Let v = 42 - 0. What is the greatest common factor of w and v?
6
Let h(c) = -c**3 - 25*c**2 - 69*c + 3. Let u be h(-22). What is the greatest common divisor of 1587 and u?
69
Suppose 3*l + 2*n = -n + 6, 2*n = 3*l - 11. Let r be -2*l/21 + 710/35. Calculate the highest common divisor of 8 and r.
4
Let p = 78 + -24. Suppose -z + 0*a + p = 3*a, 141 = 2*z - 5*a. Calculate the greatest common divisor of z and 9.
9
Suppose 4*k = 5*h + 4, 2 = -3*h + 3*k - 1. Let d be (12 + -3)*((-10)/(-6) + h). What is the highest common factor of d and 60?
15
Suppose 5 = 2*z - 5. Suppose 2*o - 2*u - 3*u - z = 0, -5*o - 5*u = -65. What is the greatest common factor of 10 and o?
10
Let l(w) = w**2 - 11*w - 10. Let h be l(13). Let g be -2 + (h/5)/((-3)/(-15)). Let p be 1*1/(1/21). What is the highest common divisor of p and g?
7
Suppose y - 16 = -3*y + u, -3*y = -4*u - 25. Suppose -y*x + 170 = 20. Let a = 61 + -41. What is the highest common divisor of a and x?
10
Let j = -7 + 11. What is the highest common divisor of j and 10?
2
Let j be (0/3)/(5 - 6). Let c(k) = -k**2 - k + 2. Let x be c(j). What is the highest common divisor of 6 and x?
2
Let d be (8/12)/((-4)/(-30)). Let l be (-8)/20 - (-232)/d. Suppose -f + 106 = -9. Calculate the highest common divisor of f and l.
23
Suppose 4*s + 182 = 790. Suppose n = -5*i - 1 + 9, -s = -4*n + 4*i. What is the highest common factor of n and 297?
33
Let h(k) = k**2 - 6*k + 7. Let x be h(5). Let a be (x + (-10)/(-15))*(-9)/(-2). Calculate the greatest common divisor of 4 and a.
4
Suppose 92 - 36 = 7*k. Suppose 0 = -v - v + 112. Calculate the greatest common divisor of k and v.
8
Suppose 0 = 2*x - 5*x + 684. Calculate the greatest common divisor of 76 and x.
76
Suppose 13*c = -14*c + 2106. Calculate the greatest common divisor of c and 507.
39
Let g be (-37 - -1)*(-21)/84. What is the highest common divisor of g and 297?
9
Let d = 151 - 140. Calculate the highest common factor of d and 319.
11
Let k = 17 - -99. Calculate the highest common factor of 174 and k.
58
Let i be ((-4 - -3)*-8)/1. Let d be (-8)/(-4)*4/i. What is the highest common divisor of 6 and d?
1
Suppose 26 - 326 = -6*m. What is the greatest common factor of 150 and m?
50
Suppose 0 = 2*z - f - 1, z + z = 5*f - 3. Let w be -2 + 56/(-12)*(-18)/21. What is the highest common divisor of w and z?
1
Let z = 480 + -104. Calculate the highest common divisor of 8 and z.
8
Suppose 1056 = 12*p + 10*p. Calculate the highest common divisor of p and 180.
12
Let w be 38 - ((-7)/3)/7*-6. Calculate the highest common divisor of 168 and w.
12
Let i be (5*(-5)/(-50))/(3/(-618)). Let a = i - -211. Calculate the highest common factor of a and 12.
12
Suppose -3*z = -18*x + 23*x - 135, -2*x + 43 = -z. What is the greatest common factor of x and 12?
12
Let j(u) = u**3 - 6*u**2 + 6*u + 5. Let b be j(5). Calculate the highest common factor of 85 and b.
5
Let j be (-3)/7 + 621/(-21). Let b = 36 + j. Calculate the greatest common divisor of 3 and b.
3
Let p be 58/4 - 10/20. Let a = 266 + -140. Calculate the greatest common factor of p and a.
14
Suppose -24 = -t + c - 0, 5*c - 56 = -3*t. What is the greatest common factor of t and 1078?
22
Let z(a) = -a**2 + 3*a + 13. Let g(c) = 62 - 59 + 23 - 2*c**2 + 5*c. Let h(b) = -2*g(b) + 5*z(b). Let y be h(6). What is the highest common factor of y and 77?
7
Let l = 310 + -270. Calculate the greatest common factor of l and 32.
8
Let b be 8/4*(63/7 - -14). Calculate the highest common factor of b and 207.
23
Let a(o) = -1 + 3*o**2 + 0*o**2 + o**2. Let g be a(-1). Suppose -17*s - 31 = -18*s + t, 6*s = -5*t + 142. Calculate the highest common divisor of g and s.
3
Suppose 0 = 3*o - 3*l - 753, 2*o = o - 2*l + 248. Suppose 4*d - 2*p - o = 0, -5*d + 0*p = -3*p - 312. Calculate the highest common divisor of d and 7.
7
Let n be -1 - -114 - 2/2. Let l = -99 - -169. Suppose -4*f + l = f. What is the highest common divisor of f and n?
14
Let g be 1*24*18/24. Suppose 16*m = g*m - 68. Calculate the highest common factor of 34 and m.
34
Let f = 415 - 231. Calculate the greatest common divisor of f and 230.
46
Let t(r) = 76*r - 339. Let s be t(11). What is the highest common factor of s and 71?
71
Let w = -45 - -46. Let x be (4/(-10))/((2/w)/(-10)). Calculate the highest common divisor of x and 8.
2
Let f be (14/(-6))/((-29)/174). Calculate the highest common divisor of f and 14.
14
Suppose 5975 = -19*u + 44507. Calculate the highest common divisor of 12 and u.
12
Suppose 2*p + 69 = -p. Let i = p + 29. Calculate the greatest common divisor of i and 9.
3
Suppose -77 = 5*d - r, d - 3*d - 5*r - 20 = 0. Let b = d - -75. What is the highest common divisor of 10 and b?
10
Suppose 113*v - 693 = 106*v. What is the greatest common factor of v and 11?
11
Let r be 6006/187 + 2/(-17). Calculate the highest common divisor of 176 and r.
16
Suppose 43 - 8 = 7*j. Suppose -p + 115 = 4*d, -10 = 4*d - j*d - 4*p. Calculate the highest common factor of d and 270.
30
Suppose 15 = 24*z - 23*z - 3*a, -3*a + 69 = 3*z. What is the greatest common divisor of 21 and z?
21
Let g(w) = 13*w**2 + 4*w + 2. Let h be g(-1). What is the highest common divisor of h and 319?
11
Suppose 89 = -4*v + 465. Let d = 131 - v. Suppose -2*c = -2*x - 36 + 14, d = 2*c + x. What is the greatest common factor of 64 and c?
16
Suppose -7*w + 10 = 3*w. Let n = w - -152. Suppose -2*u = u - 51. Calculate the greatest common factor of n and u.
17
Let d be (-16 + 18)/(-1 - (-326)/324). What is the greatest common factor of 12 and d?
12
Suppose 0 = -2*z + 33 + 9. Let y be 4/(-6) - (-98)/z. Suppose y*v = 2 + 278. Calculate the highest common factor of 14 and v.
14
Let u = 13 - -23. Suppose -5*g + 64 = -u. Let w = 60 + -58. Calculate the greatest common factor of w and g.
2
Let d(c) = -8*c**2 - 2*c + 1. Let q be d(3). Let z = q - -239. Calculate the greatest common factor of z and 18.
18
Let q = 404 + -396. Let s be 1/(15/(-6) - -3). Calculate the greatest common factor of s and q.
2
Suppose -5*j = -0*j - 15. Suppose j*a = a. Suppose -13 - 11 = -m - 2*b, -2*m + b + 28 = a. What is the highest common factor of 32 and m?
16
Suppose 3*i - i + 4 = 0. Let d be i + 0/1 + 18. Suppose 3*f + 84 = 2*h, -4*h = 2*f + 69 - 269. Calculate the greatest common divisor of h and d.
16
Let u(g) = -21*g**2 - 4*g - 8. Let s be u(-2). Let m = -70 - s. What is the highest common factor of m and 154?
14
Let g be (-2 - (-2)/8)*-8. Suppose -z - 4*a - 77 = -121, -3*a = -12. What is the greatest common factor of g and z?
14
Let s be ((-16)/(-5))/(13/130). Suppose -4*u + 4*a + 28 = 0, 7*u - 3*u + 4*a - 4 = 0. What is the highest common factor of u and s?
4
Let y(o) = 4*o - 38. Let n be y(20). Calculate the highest common factor of 140 and n.
14
Let z be -2*(0 + (-2)/(-4)). Let j be 25 + 0 + z - 0. What is the greatest common divisor of 16 and j?
8
Let z = 30 + 22. Let k = -65 - -91. Calculate the greatest common divisor of z and k.
26
Let m(d) = -d**3 - 10*d**2 - 6*d - 9. Let g be m(-10). Let l = g - 36. Calculate the highest common divisor of l and 135.
15
Suppose 0 = -8*a + 102 + 42. Suppose -p = -4*p + a. Suppose 0 = 2*b - p - 0. What is the highest common divisor of 3 and b?
3
Let t = 1854 + -1417. Calculate the highest common divisor of 38 and t.
19
Suppose -4*v + 99 = 15. What is the greatest common divisor of 21 and v?
21
Let u(y) = y**3 - 25*y**2 + 33*y + 18. Let g(a) = -a**3 - 6*a**2 - 11*a - 6. Let p be g(-5). Let f be u(p). What is the highest common divisor of 26 and f?
26
Suppose 11*n - 68 = 7*n. Calculate the highest common divisor of 527 and n.
17
Let t = -11 - -5. Let n be 17/4 - t/8. Suppose 10 = 5*i - n. Calculate the greatest common divisor of 27 and i.
3
Suppose 2*j = -2*a + 142, 5*a + j - 437 = -